mposite number?
True
Is 1522674215 a prime number?
False
Is 17296952857 a prime number?
True
Is 165256700647 a prime number?
False
Is 2166293321 composite?
False
Is 40702595 a composite number?
True
Is 656198983 a composite number?
True
Is 250464329 a prime number?
False
Is 2538582853 prime?
True
Is 820610591 composite?
True
Is 18247571371 a prime number?
False
Is 10697129621 a prime number?
True
Is 26934972203 prime?
True
Is 15467982613 a prime number?
False
Is 17237942443 a composite number?
False
Is 14909846159 a prime number?
False
Is 1147992311 prime?
False
Is 6958819471 a composite number?
False
Is 2052898889 a prime number?
True
Is 14388755179 composite?
False
Is 1320461333 a prime number?
True
Is 129009427 a prime number?
True
Is 3809969827 prime?
True
Is 3716338009 composite?
True
Is 424822511 a prime number?
True
Is 995927239 a composite number?
False
Is 111199598777 composite?
False
Is 32048860559 a composite number?
True
Is 21739574639 composite?
False
Is 44708911459 a prime number?
True
Is 1296921121 a composite number?
True
Is 38893862863 composite?
False
Is 121328413991 composite?
True
Is 8364655459 prime?
True
Is 9557826881 prime?
False
Is 2090217193 composite?
False
Is 191185240223 prime?
True
Is 2353249651 composite?
False
Is 184679519 composite?
False
Is 70145479 a composite number?
True
Is 946528049 prime?
True
Is 142128289547 a prime number?
False
Is 178126454635 prime?
False
Is 4019881277 a composite number?
False
Is 5291132239 a prime number?
True
Is 24815735383 prime?
False
Is 777190091 a prime number?
True
Is 29365589401 composite?
False
Is 2670514289 composite?
True
Is 173757637189 composite?
False
Is 62479482601 a composite number?
False
Is 12883008991 prime?
False
Is 1919611801 a composite number?
False
Is 2191508749 prime?
True
Is 10391775703 composite?
False
Is 9212425421 composite?
False
Is 4540910702 a composite number?
True
Is 150136699 prime?
True
Is 811260869 composite?
False
Is 11992990287 composite?
True
Is 26404537667 composite?
False
Is 35623964137 a composite number?
False
Is 313383412231 composite?
True
Is 18466806679 prime?
False
Is 6037005833 composite?
True
Is 7459994209 composite?
True
Is 3786230821 composite?
False
Is 74281565107 a prime number?
False
Is 214984969 composite?
True
Is 23467750277 composite?
True
Is 89878510243 composite?
True
Is 1537029049 a composite number?
False
Is 2881077679 composite?
False
Is 532198267 composite?
True
Is 1029109607 a composite number?
False
Is 6922560569 a prime number?
False
Is 54351601435 a prime number?
False
Is 14842592003 a prime number?
True
Is 202757843 a composite number?
True
Is 2999776579 prime?
False
Is 347125859 composite?
False
Is 289070659 prime?
False
Is 21580894217 prime?
False
Is 7929589 a composite number?
False
Is 708729733 prime?
True
Is 253730843 a composite number?
False
Is 2944411438 prime?
False
Is 5334055781 a composite number?
False
Is 1100751391 prime?
True
Is 16966007363 a prime number?
True
Is 197969411 composite?
False
Is 64331307619 prime?
True
Is 17804958359 a composite number?
True
Is 7022244311 prime?
True
Is 1262217127 a composite number?
False
Is 2014803727 composite?
True
Is 55852864229 a prime number?
True
Is 1631666789 prime?
True
Is 303487051 composite?
True
Is 37451283593 a composite number?
False
Is 1271768909 prime?
True
Is 1195159093 prime?
False
Is 17827030643 composite?
True
Is 28571687933 composite?
True
Is 12779996027 composite?
True
Is 3181307911 prime?
True
Is 29423568467 a composite number?
False
Is 628948703 prime?
False
Is 1537829713 a composite number?
True
Is 1633957841 composite?
True
Is 534308659 prime?
True
Is 102168435227 a prime number?
False
Is 1471377001 prime?
False
Is 2350204973 a composite number?
False
Is 19739601403 composite?
True
Is 19621609403 composite?
True
Is 196065017 composite?
False
Is 8261773197 a prime number?
False
Is 199081072999 a composite number?
False
Is 125060126723 a composite number?
True
Is 46421486669 a composite number?
False
Is 137044421515 composite?
True
Is 580318861 a prime number?
False
Is 42318128147 prime?
False
Is 1228414003 a composite number?
True
Is 6254870317 a composite number?
False
Is 7687150469 prime?
True
Is 4824646259 a prime number?
False
Is 52661524843 a composite number?
False
Is 1802335039 composite?
True
Is 16063112419 composite?
False
Is 5116753021 composite?
True
Is 8139114941 prime?
True
Is 2201858323 a composite number?
True
Is 21891724051 a composite number?
True
Is 7332530459 a composite number?
False
Is 16172437 a composite number?
True
Is 16372007699 a prime number?
False
Is 222864888955 a composite number?
True
Is 37473687887 a composite number?
False
Is 3081003377 prime?
True
Is 6318034759 composite?
True
Is 308693909 a prime number?
False
Is 6276314701 a composite number?
True
Is 168502343 a composite number?
False
Is 13580707339 a prime number?
True
Is 190246241 a composite number?
False
Is 1254669443 a composite number?
False
Is 88835419 a composite number?
False
Is 2634187289 composite?
False
Is 17494219217 prime?
False
Is 970427693 composite?
True
Is 101038498793 composite?
False
Is 13272202681 a prime number?
False
Is 19664464493 a prime number?
False
Is 180119614 composite?
True
Is 19129164386 prime?
False
Is 227579189 composite?
False
Is 70703475691 prime?
True
Is 69332378513 a composite number?
False
Is 879904849 prime?
False
Is 39878702837 composite?
False
Is 18864667121 composite?
False
Is 1530233867 a prime number?
False
Is 1686526763 prime?
True
Is 1135793 a prime number?
False
Is 5631281311 a prime number?
True
Is 7982326193 prime?
False
Is 4669240273 prime?
True
Is 1608320729 a prime number?
False
Is 588861349 a composite number?
False
Is 12824554433 composite?
False
Is 188282494 prime?
False
Is 9732673607 a prime number?
False
Is 4926815353 a composite number?
False
Is 11317171253 a prime number?
True
Is 38538841 prime?
False
Is 1691243999 prime?
True
Is 5344762633 a prime number?
False
Is 1538520131 a prime number?
True
Is 17610612007 a prime number?
False
Is 234823507 prime?
True
Is 3727047283 a composite number?
True
Is 55497843347 prime?
False
Is 1916581321 a composite number?
True
Is 188003179723 composite?
False
Is 323373961 a composite number?
False
Is 599297339 composite?
False
Is 172625417 a prime number?
True
Is 1232362643 a prime number?
False
Is 1435958597 composite?
True
Is 266824879 a composite number?
True
Is 2829417991 composite?
True
Is 5145183073 a prime number?
False
Is 107590034 a prime number?
False
Is 661267471 prime?
True
Is 1122636143 prime?
False
Is 32383510963 prime?
True
Is 1972836769 a prime number?
True
Is 12723044329 composite?
False
Is 28346771003 composite?
True
Is 505406779 composite?
True
Is 18879737117 a prime number?
True
Is 23583347 a prime number?
True
Is 1563199069 prime?
False
Is 5421182023 composite?
False
Is 3503584261 prime?
False
Is 18166720717 composite?
False
Is 1702197851 composite?
False
Is 19740962101 a prime number?
False
Is 2238753823 a prime number?
False
Is 8400536857 a prime number?
False
Is 954962717 composite?
False
Is 7350468197 prime?
False
Is 19701180833 a composite number?
False
Is 4610804017 prime?
True
Is 315767681 composite?
False
Is 1871394689 prime?
True
Is 2265585919 a prime number?
False
Is 22737178453 prime?
False
Is 26732972283 a composite number?
True
Is 40093695043 prime?
True
Is 125933515549 a composite number?
False
Is 2101311817 a prime number?
False
Is 7085661667 a composite number?
True
Is 161848849301 a prime number?
False
Is 37290776947 composite?
False
Is 640303 a prime number?
True
Is 235374371 a prime number?
False
Is 547201517 a composite number?
False
Is 143608607 prime?
False
Is 1384595503 a composite number?
False
Is 69932965 a composite number?
True
Is 239006203 prime?
False
Is 800673971 composite?
True
Is 22078252541 a composite number?
True
Is 5181212137 composite?
True
Is 725550523 composite?
False
Is 197117947633 a prime number?
True
Is 579575902 prime?
False
Is 160442803 prime?
False
Is 4219882991 composite?
True
Is 13772293181 a composite number?
True
Is 132731875366 a prime number?
False
Is 11268182081 a prime number?
False
Is 1206004091 a prime number?
True
Is 996881707 composite?
True
Is 12782681207 a composite number?
True
Is